hat is the units digit of 25126813?
3
What is the hundreds digit of 500806440?
4
What is the tens digit of 5002640?
4
What is the billions digit of 1287543389?
1
What is the ten millions digit of 620919250?
2
What is the tens digit of 76969879?
7
What is the units digit of 981557456?
6
What is the ten thousands digit of 328981164?
8
What is the thousands digit of 2140119084?
9
What is the billions digit of 2164156734?
2
What is the hundred thousands digit of 1802844483?
8
What is the billions digit of 1783737124?
1
What is the millions digit of 77763338?
7
What is the tens digit of 23865924?
2
What is the millions digit of 24800489?
4
What is the billions digit of 5717830513?
5
What is the ten thousands digit of 72554289?
5
What is the millions digit of 149779809?
9
What is the tens digit of 12051681?
8
What is the ten thousands digit of 1834553245?
5
What is the ten millions digit of 480814663?
8
What is the ten thousands digit of 84135957?
3
What is the hundred millions digit of 1426365411?
4
What is the hundred thousands digit of 1271630046?
6
What is the thousands digit of 96747141?
7
What is the hundreds digit of 1165628582?
5
What is the ten millions digit of 811230731?
1
What is the hundred millions digit of 2856122800?
8
What is the ten thousands digit of 78596792?
9
What is the ten millions digit of 149647146?
4
What is the millions digit of 95253605?
5
What is the millions digit of 117219948?
7
What is the hundred millions digit of 911756756?
9
What is the hundreds digit of 5790548681?
6
What is the hundreds digit of 201400015?
0
What is the thousands digit of 1639585627?
5
What is the units digit of 34344982?
2
What is the ten millions digit of 1189821647?
8
What is the hundred millions digit of 121117502?
1
What is the hundred millions digit of 1208343618?
2
What is the thousands digit of 74222706?
2
What is the hundred thousands digit of 133663036?
6
What is the units digit of 1290050782?
2
What is the hundred millions digit of 1973030122?
9
What is the units digit of 14586495?
5
What is the ten thousands digit of 610914062?
1
What is the ten millions digit of 27469428?
2
What is the hundred millions digit of 996299974?
9
What is the tens digit of 1399805019?
1
What is the millions digit of 90451491?
0
What is the ten millions digit of 2533218397?
3
What is the tens digit of 213893033?
3
What is the millions digit of 2636310564?
6
What is the ten thousands digit of 138636987?
3
What is the ten thousands digit of 303150049?
5
What is the thousands digit of 6667832639?
2
What is the millions digit of 1571070955?
1
What is the millions digit of 2473637867?
3
What is the units digit of 303360957?
7
What is the ten thousands digit of 278356970?
5
What is the units digit of 409023407?
7
What is the thousands digit of 892687409?
7
What is the ten millions digit of 7723607747?
2
What is the hundreds digit of 85882715?
7
What is the ten thousands digit of 17294000?
9
What is the units digit of 247326115?
5
What is the ten thousands digit of 328359020?
5
What is the millions digit of 1465560472?
5
What is the millions digit of 738596086?
8
What is the hundred thousands digit of 546567453?
5
What is the units digit of 116899215?
5
What is the billions digit of 3155895715?
3
What is the units digit of 38695985?
5
What is the hundred thousands digit of 77303729?
3
What is the ten thousands digit of 24563419?
6
What is the hundred thousands digit of 1949551198?
5
What is the thousands digit of 2332680199?
0
What is the units digit of 1272769737?
7
What is the thousands digit of 301309699?
9
What is the hundreds digit of 218845665?
6
What is the billions digit of 1960842270?
1
What is the units digit of 259224852?
2
What is the thousands digit of 142637903?
7
What is the tens digit of 496779376?
7
What is the millions digit of 8439037?
8
What is the hundreds digit of 774187337?
3
What is the ten millions digit of 371376716?
7
What is the hundred millions digit of 435528480?
4
What is the millions digit of 59058050?
9
What is the hundred thousands digit of 124854026?
8
What is the thousands digit of 1053823607?
3
What is the hundreds digit of 767245086?
0
What is the units digit of 2971337413?
3
What is the hundreds digit of 412266783?
7
What is the hundred millions digit of 678622320?
6
What is the millions digit of 290488661?
0
What is the thousands digit of 353535253?
5
What is the billions digit of 3237922793?
3
What is the hundreds digit of 132542768?
7
What is the ten thousands digit of 457465894?
6
What is the ten millions digit of 12350564?
1
What is the billions digit of 2585028009?
2
What is the units digit of 73648145?
5
What is the thousands digit of 804367745?
7
What is the tens digit of 104167557?
5
What is the thousands digit of 40100213?
0
What is the hundreds digit of 14837708?
7
What is the tens digit of 116210568?
6
What is the billions digit of 2915891948?
2
What is the millions digit of 53792449?
3
What is the ten thousands digit of 31156260?
5
What is the units digit of 347111360?
0
What is the hundred millions digit of 900584594?
9
What is the millions digit of 222961610?
2
What is the billions digit of 3524640170?
3
What is the tens digit of 7944980035?
3
What is the units digit of 551030913?
3
What is the ten millions digit of 84364541?
8
What is the hundreds digit of 331578094?
0
What is the ten thousands digit of 497011400?
1
What is the hundreds digit of 36332828?
8
What is the hundreds digit of 1351467250?
2
What is the tens digit of 1516675223?
2
What is the hundred thousands digit of 1852800377?
8
What is the hundred millions digit of 182501305?
1
What is the ten millions digit of 227415009?
2
What is the millions digit of 4158285299?
8
What is the thousands digit of 13016127?
6
What is the ten thousands digit of 217251302?
5
What is the tens digit of 295059314?
1
What is the hundred millions digit of 1670114353?
6
What is the hundred millions digit of 102197634?
1
What is the ten millions digit of 2288897420?
8
What is the millions digit of 2651587713?
1
What is the hundred thousands digit of 482427303?
4
What is the millions digit of 341504255?
1
What is the hundreds digit of 119904710?
7
What is the ten thousands digit of 2011308877?
0
What is the hundreds digit of 98871676?
6
What is the thousands digit of 559315715?
5
What is the ten millions digit of 66054016?
6
What is the hundred millions digit of 1029385763?
0
What is the hundreds digit of 2694993559?
5
What is the billions digit of 3713728498?
3
What is the ten millions digit of 2722760355?
2
What is the units digit of 47765534?
4
What is the units digit of 3116111662?
2
What is the millions digit of 434515737?
4
What is the ten millions digit of 693143275?
9
What is the millions digit of 6266114151?
6
What is the ten thousands digit of 181141220?
4
What is the hundred millions digit of 119314125?
1
What is the hundred thousands digit of 48376537?
3
What is the units digit of 62876328?
8
What is the millions digit of 860709182?
0
What is the millions digit of 308406317?
8
What is the units digit of 1497248193?
3
What is the hundred millions digit of 784307270?
7
What is the hundreds digit of 724474581?
5
What is the hundreds digit of 63301250?
2
What is the hundred thousands digit of 100077259?
0
What is the hundreds digit of 1218122490?
4
What is the units digit of 85219500?
0
What is the ten millions digit of 64829483?
6
What is the hundred thousands digit of 95014948?
0
What is the ten millions digit of 90982022?
9
What is the hundreds digit of 129607372?
3
What is the units digit of 3128464845?
5
What is the hundreds digit of 3196970123?
1
What is the hundreds digit of 80284676?
6
What is the millions digit of 101355891?
1
What is the ten millions digit of 817979702?
1
What is the thousands digit of 1021688083?
8
What is the tens digit of 5107073325?
2
What is the tens digit of 19839683?
8
What is the hundreds digit of 2085242390?
3
What is the ten thousands digit of 1571002723?
0
What is the thousands digit of 31018728?
8
What is the hundred millions digit of 874368593?
8
What is the ten thousands digit of 1601684750?
8
What is the ten millions digit of 273908890?
7
What is the millions digit of 95434640?
5
What is the units digit of 102738532?
2